
14
In base 7, what is 1 + -24?
-23
In base 16, what is -4 + -71?
-75
In base 12, what is -5 - 5b?
-64
In base 7, what is 4 + 113?
120
In base 12, what is 433a - 0?
433a
In base 11, what is 440 + -3?
438
In base 4, what is 230203 + 11?
230220
In base 3, what is -2 + -2020?
-2022
In base 3, what is 10 - -2210?
2220
In base 12, what is 1 - 2a03?
-2a02
In base 14, what is -1 + -61?
-62
In base 9, what is 164 - 115?
48
In base 14, what is 32b4 - -1?
32b5
In base 13, what is 98 - -4?
9c
In base 11, what is 39 + -8?
31
In base 13, what is -616 + -3?
-619
In base 13, what is 3 - -6?
9
In base 4, what is 21 - 101?
-20
In base 3, what is -101 - 11111?
-11212
In base 12, what is -1b - 29?
-48
In base 12, what is -a95 - -5?
-a90
In base 2, what is -1001110 - -100?
-1001010
In base 2, what is -1001001101001 - 101?
-1001001101110
In base 3, what is -101121121 - 12?
-101121210
In base 13, what is -23 + -2cc?
-322
In base 16, what is -3 - 19b?
-19e
In base 13, what is 4a - -cc?
149
In base 11, what is 1 - -228?
229
In base 4, what is 20230 + 0?
20230
In base 12, what is a - 187?
-179
In base 7, what is -21 + 114?
63
In base 11, what is -64 - 1?
-65
In base 15, what is -a - -d?
3
In base 10, what is -374 + 1?
-373
In base 6, what is 131 + 5?
140
In base 2, what is -101 + 1110?
1001
In base 16, what is 3 + -366?
-363
In base 11, what is 7 + 12?
19
In base 5, what is -4 - -22003?
21444
In base 10, what is 726 - -2?
728
In base 15, what is 141 - 0?
141
In base 14, what is 120 + -35?
c9
In base 2, what is -1 - 11101011?
-11101100
In base 12, what is -1 - 184?
-185
In base 11, what is 0 - -9?
9
In base 8, what is 4 + -110?
-104
In base 11, what is -3 + -28?
-30
In base 7, what is -33 + -60?
-123
In base 8, what is 63 - -66?
151
In base 2, what is 10001000001 - -10?
10001000011
In base 9, what is 230 - -37?
267
In base 9, what is -2 - 151?
-153
In base 15, what is -15d - -3?
-15a
In base 13, what is 7 - 1b?
-14
In base 2, what is -1010101010011 + -11?
-1010101010110
In base 10, what is 65 + 10?
75
In base 6, what is -10 - -54?
44
In base 14, what is 2ca4 - 1?
2ca3
In base 10, what is -1 + -749?
-750
In base 6, what is 132 - -40?
212
In base 12, what is -61a + -5?
-623
In base 5, what is -21 + 22?
1
In base 4, what is -33103 + -2?
-33111
In base 15, what is -1 + 95?
94
In base 8, what is -444 + 15?
-427
In base 3, what is 1 + -201102?
-201101
In base 2, what is -1 - 1011011111?
-1011100000
In base 3, what is 12 + 20?
102
In base 9, what is 407 - -74?
482
In base 14, what is -12c - -4?
-128
In base 12, what is 53 - 61?
-a
In base 11, what is -333 - 0?
-333
In base 15, what is -3 + -b4b?
-b4e
In base 12, what is 0 - 55?
-55
In base 2, what is -101 - -1100011?
1011110
In base 7, what is 2 + -5232?
-5230
In base 8, what is 535 - 31?
504
In base 12, what is 40b - -4?
413
In base 7, what is 64 - -6?
103
In base 4, what is -3311002 - 2?
-3311010
In base 11, what is 0 - 37?
-37
In base 8, what is -22251 + 4?
-22245
In base 5, what is 10 + 124?
134
In base 7, what is 1030 - 0?
1030
In base 2, what is 1010 + -10101?
-1011
In base 13, what is 162 + 5?
167
In base 11, what is 4286 + -1?
4285
In base 2, what is 110 + -11110?
-11000
In base 16, what is -207 + 3?
-204
In base 2, what is -100 + 1001110?
1001010
In base 12, what is -4 + -57?
-5b
In base 7, what is -1041 - 24?
-1065
In base 8, what is 1232 - 2?
1230
In base 10, what is 2700 + 5?
2705
In base 9, what is 3 + 41?
44
In base 2, what is 1 + 10100101?
10100110
In base 6, what is 1 + -1333?
-1332
In base 3, what is -12 - 10200?
-10212
In base 12, what is -2 - -1280?
127a
In base 2, what is -11011111111001 + -100?
-11011111111101
In base 13, what is -3 + 2a?
27
In base 12, what is -3 + -20?
-23
In base 12, what is -721 + -4?
-725
In base 8, what is -40 - -40?
0
In base 9, what is 5 - -2535?
2541
In base 16, what is 24df - 3?
24dc
In base 11, what is 97 - 3?
94
In base 8, what is -31 + -11?
-42
In base 5, what is 0 - 140?
-140
In base 6, what is -113 - -3?
-110
In base 15, what is -37d7 + 4?
-37d3
In base 8, what is 5 - 111?
-104
In base 12, what is -1 - 19?
-1a
In base 11, what is -11 + 1?
-10
In base 10, what is -1667 - 0?
-1667
In base 13, what is 1 - -110?
111
In base 5, what is -144 + -10?
-204
In base 6, what is -10343 + 5?
-10334
In base 12, what is -58 + -4?
-60
In base 16, what is -2 + -85?
-87
In base 14, what is -75 - -1?
-74
In base 13, what is a + -13?
-6
In base 5, what is 34 - 1102?
-1013
In base 6, what is 30 - 31?
-1
In base 6, what is -13 + 333?
320
In base 14, what is 85 - -40?
c5
In base 4, what is 232 + -1032?
-200
In base 15, what is 1 + 58e?
590
In base 4, what is 10310 - 32?
10212
In base 10, what is 18 - 15?
3
In base 8, what is -24 + -376?
-422
In base 3, what is -10011200 + 12?
-10011111
In base 16, what is 2 + -21?
-1f
In base 2, what is -1100110000 - -1?
-1100101111
In base 7, what is 5342 - -1?
5343
In base 2, what is -11011 + 1100100?
1001001
In base 3, what is 20202 + -12?
20120
In base 7, what is 346 + 34?
413
In base 16, what is -b8c - 0?
-b8c
In base 4, what is -1212 + 11?
-1201
In base 13, what is 351 + -3?
34b
In base 13, what is b - -40?
4b
In base 6, what is -1041 + 44?
-553
In base 10, what is 813 + 4?
817
In base 5, what is -13 - -123?
110
In base 11, what is -3 + -41a8?
-4200
In base 11, what is 7 - -3?
a
In base 14, what is 4 + 37?
3b
In base 7, what is 553 + -4?
546
In base 10, what is 299 - -27?
326
In base 2, what is 1000111100 + 1?
1000111101
In base 9, what is -13473 + -2?
-13475
In base 10, what is 0 + -47?
-47
In base 8, what is 0 - 62?
-62
In base 11, what is -1 + 3416?
3415
In base 7, what is 1334 + -1?
1333
In base 2, what is 1101 + 1101100?
1111001
In base 15, what is 6 + 5?
b
In base 9, what is 2 - -40?
42
In base 8, what is 61 - -4?
65
In base 9, what is 2606 - -8?
2615
In base 2, what is 0 - 1000001110?
-1000001110
In base 13, what is -3 - -2771?
276b
In base 13, what is 91a + c?
929
In base 10, what is -946 + -4?
-950
In base 13, what is 4b + 4?
52
In base 8, what is 2 + 34?
36
In base 4, what is -2101 + 2?
-2033
In base 2, what is -101 - -1000101110?
1000101001
In base 16, what is 8 - 47?
-3f
In base 16, what is -9 + c6?
bd
In base 3, what is 1 - 10?
-2
In base 14, what is 1 + -77?
-76
In base 15, what is 134 - 0?
134
In base 8, what is 1156 + -3?
1153
In base 16, what is 7f + 0?
7f
In base 14, what is 3 - 127?
-124
In base 11, what is -14a18 - -2?
-14a16
In base 12, what is -38 - -51?
15
In base 3, what is -10211 - -2011?
-1200
In base 8, what is -125 - -24?
-101
In base 2, what is 1000 - -101?
1101
In base 7, what is 21 - 30?
-6
In base 15, what is 3 - 161?
-15d
In base 5, what is 3230 + 2?
3232
In base 8, what is 1730 - -5?
1735
In base 2, what is 101 + -110000?
-101011
In base 8, what is 1 - 107?
-106
In base 10, what is -37 - -12?
-25
In base 14, what is 1 + -21?
-20
In base 15, what is -ad6 - 0?
-ad6
In base 14, what is 7 + 56?
5d
In base 8, what is -24504 + 5?
-24477
In base 13, what is -12b - 0?
-12b
In base 10, what is 4 + -27?
-23
In base 7, what is 26424 + 0?
26424
In base 13, what is -8 - b7?
-c2
In base 13, what is -4 + -31?
-35
In base 7, what is -5 - 11?
-16
In base 2, what is -1001101 - -1010110?
1001
In base 3, what is 11202 + -11?
11121
In base 12, what is 714 - 5?
70b
In base 14, what is 292 - 50?
242
In base 16, what is 32 + 0?
32
In base 10, what is 0 + -9?
-9
In base 4, what is -31 + 111?
20
In base 15, what is -1b44 + -1?
-1b45
In base 8, what is -623 - 65?
-710
In base 9, what is -1081 - 1?
-1082
In base 6, what is -23 + -1434?
-1501
In base 14, what is 74 + -5?
6d
In base 4, what is 13 - -323?
1002
In base 13, what is -30c6a + -5?
-30c72
In base 14, what is 6 - 38d?
-387
In base 2, what is 10101110 + -100?
10101010
In base 4, what is 12132 + 122?
12320
In base 7, what is 25324 + -1?
25323
In base 16, what is 0 + -21?
-21
In base 10, what is 20 + -39?
-19
In base 4, what is 33 + 32?
131
In base 4, what is 12 - -1033?
1111
In base 11, what is 4 - 2a?
-26
In base 11, what is 1 - 1035?
-1034
In base 14, what is ab5c - 5?
ab57
In base 13, what is -63 - -2?
-61
In base 12, what is -171b + -5?
-1724
In base 5, what is -21212 - -41?
-21121
In base 12, what is -5b + 10?
-4b
In base 7, what is 13 + -12?
1
In base 7, what is -24061 - 2?
-24063
In ba